{"id":1319,"date":"2014-08-06T13:48:58","date_gmt":"2014-08-06T10:48:58","guid":{"rendered":"http:\/\/tps-kannattajat.net\/site\/?page_id=1319"},"modified":"2024-10-23T15:36:58","modified_gmt":"2024-10-23T12:36:58","slug":"chantit","status":"publish","type":"page","link":"https:\/\/tps-kannattajat.net\/site\/chantit\/","title":{"rendered":"Laulukirja"},"content":{"rendered":"<p><span style=\"color: #ffcc00;\"><strong>Hu-ha (La Vida Loca)<\/strong><\/span><\/p>\n<p><span style=\"color: #ffcc00;\"><span style=\"color: #ffffff;\">Ooo Palloseura<br \/>\nHU-HA<br \/>\nOoo Suomen kaunein<br \/>\nSeura meill\u00e4 on<br \/>\nMustavalkoinen<br \/>\nVuokses kuolisin<\/span><\/span><\/p>\n<p><span style=\"color: #ffcc00;\"><strong>Un giorno all&#8217;improvviso<\/strong><\/span><\/p>\n<p>Kun ensimm\u00e4isen kerran<br \/>\nN\u00e4in Tepsin pelaavan<br \/>\nJo silloin heti tiesin<br \/>\nMun Seuran rakkaimman<br \/>\nOn meill\u00e4 perinteet<br \/>\nVuosisadan kest\u00e4neet<br \/>\nJa kun matsip\u00e4iv\u00e4 koittaa<br \/>\nKaikki laulaa Tepsille<\/p>\n<p>Allez, allez, allez (x4)<\/p>\n<p><span style=\"color: #ffcc00;\"><strong>Taas katsomossa oomme<\/strong><\/span><\/p>\n<p>Taas katsomossa oomme<br \/>\nLaulaen ja kannattaen<br \/>\nAinoa oikea Turusta<br \/>\nSen tiet\u00e4\u00e4 ket\u00e4 vaan:<br \/>\nTepsi! (*klap klap klap*) Tepsi! (*klap klap klap*)<\/p>\n<p><span style=\"color: #ffcc00;\"><strong>Aidan voitonmarssi<\/strong><\/span><\/p>\n<p>Ooo, T-P-S, ooo, T-P-S, ooo, T-P-S<br \/>\nMeid\u00e4n TPS, TPS, TPS, T-P-S<\/p>\n<p><span style=\"color: #ffcc00;\"><strong>Allez Palloseura<\/strong><\/span><\/p>\n<p>Allez, allez<br \/>\nAllez, allez, allez<br \/>\nPalloseura, Palloseura<br \/>\nPalloseura Turusta<\/p>\n<p><span style=\"color: #ffcc00;\"><strong>Here We Go<\/strong><\/span><\/p>\n<p>TPS, TPS, TPS&#8230;<\/p>\n<p><span style=\"color: #ffcc00;\"><strong>Joka pelip\u00e4iv\u00e4 oomme teid\u00e4n tukena<\/strong><\/span><\/p>\n<p>Joka pelip\u00e4iv\u00e4 oomme teid\u00e4n tukena<br \/>\nOli peli sitten kotona tai vieraissa<br \/>\nOooo, Palloseura, Palloseura, Turusta<\/p>\n<p>Joka pelip\u00e4iv\u00e4 oomme teid\u00e4n tukena<br \/>\nOli peli sitten kotona tai vieraissa<br \/>\nOle, ole, ole, ole, ole, ole, ola<br \/>\nOle, ole, ole, ole, ole, ole, ola<\/p>\n<p>Ihan sama mit\u00e4 lajii&#8217; t\u00e4n\u00e4\u00e4n pelataan<br \/>\nKent\u00e4ll\u00e4 on Tepsi ja me sille lauletaan<br \/>\nOoo, Palloseura, Palloseura, Turustaaa<\/p>\n<p>Ihan sama mit\u00e4 lajii&#8217; t\u00e4n\u00e4\u00e4n pelataan<br \/>\nKent\u00e4ll\u00e4 on Tepsi ja me sille lauletaan<br \/>\nOle, ole, ole, ole, ole, ole, ola<br \/>\nOle, ole, ole, ole, ole, ole, ola<\/p>\n<p><strong><span style=\"color: #ffcc00;\">C&#8217;mon TPS<\/span> <\/strong><\/p>\n<p>Shalalallalalalaa<br \/>\nC&#8217;mon TPS,\u00a0TPS<br \/>\nC&#8217;mon TPS<\/p>\n<p><span style=\"color: #ffcc00;\"><strong>Me ollaan Tepsi<\/strong><\/span><\/p>\n<p>Me ollaan Tepsi, ooooo-o<br \/>\nMe ollaan Tepsi, ooooo-o<br \/>\nMe ollaan Tepsi, ooooo-o<br \/>\nMe ollaan Tepsi Turusta<\/p>\n<p><span style=\"color: #ffcc00;\"><strong>On Palloseura kent\u00e4ll&#8217; taas (Johny I Hardly Knew Ya)<\/strong><\/span><\/p>\n<p>On palloseura kent\u00e4ll taas, hurraa, hurraa<br \/>\nOn palloseura kent\u00e4ll taas, hurraa, hurraa<br \/>\nOn palloseura kent\u00e4ll taas<br \/>\nJa kannattajat huutavat<br \/>\nTehk\u00e4\u00e4 maali, niin me voitetaan<\/p>\n<p><span style=\"color: #ffcc00;\"><strong>Peppi pitk\u00e4tossu (hyr\u00e4illen ja hyppien, vieruskaveria olkap\u00e4ist\u00e4 kiinni ottaen)<\/strong><\/span><\/p>\n<p>Shalalalalaala lalalala lala laa la&#8230;<br \/>\nHei meid\u00e4n Tepsi<br \/>\nShalalala lala laa<br \/>\nHei meid\u00e4n Tepsi<br \/>\nShalala la laa<\/p>\n<p><span style=\"color: #ffcc00;\"><strong>Way to Amarillo<\/strong><\/span><\/p>\n<p>Shala-laala-laaa-lalala (*klap klap*)<br \/>\nShala-laala-laaa-lalala (*klap klap*)<br \/>\nShala-laala-laaa-lalala (*klap klap*)<br \/>\nTurun Palloseura (*klap klap*)<\/p>\n<p><span style=\"color: #ffcc00;\"><strong>Voittoon super TPS<\/strong><\/span><\/p>\n<p>Voittoon, super TPS<br \/>\nVoitoon, paras TPS<br \/>\nVoittoon, meid\u00e4n TPS<br \/>\nVoittoon, voittooooon<\/p>\n<p><span style=\"color: #ffcc00;\"><strong>On vain TPS<\/strong><\/span><\/p>\n<p><em>(k\u00e4det ylh\u00e4\u00e4ll\u00e4)<\/em><\/p>\n<p>On vain T-P-S<br \/>\nOn vain T-P-S<\/p>\n<p><em>(taputukset)<\/em><\/p>\n<p><span style=\"color: #ffcc00;\"><strong>Kirjaimet<\/strong><\/span><\/p>\n<p><em>Edest\u00e4 huudetaan kirjaimet T, P, S <strong>yksitellen<\/strong>, johon muu katsomo vastaa<\/em><\/p>\n<p>T (katsomo vastaa T)<br \/>\nP (katsomo vastaa P)<br \/>\nS (katsomo vastaa S)<br \/>\nT-P-S (katsomo vastaa T-P-S)<span style=\"color: #ffcc00;\">\u00a0<\/span><\/p>\n<p><strong><span style=\"color: #ffcc00;\">Taistele Tepsi<\/span> <\/strong><\/p>\n<p>Taistele Tepsi<br \/>\nAina loppuun asti<br \/>\nLuovuttaa et saa<br \/>\nT\u00e4n\u00e4\u00e4n etk\u00e4 milloinkaan<\/p>\n<p><span style=\"color: #ffcc00;\"><strong>Kaunis p\u00e4iv\u00e4 (When The Saints Go Marching In)<\/strong><\/span><\/p>\n<p>Kun TPS <em>(kun TPS)<br \/>\n<\/em>Meil voiton tuo <em>(meil voiton tuo)<br \/>\n<\/em>Kun Tepsi meille voiton tuo<br \/>\nOn silloin aina kaunis p\u00e4iv\u00e4<br \/>\nKun Tepsi meille voiton tuo<\/p>\n<p>(suluissa olevat kaiutukset mukaan\u00a0seuraavalla kierroksella)<\/p>\n<p><span style=\"color: #ffcc00;\"><strong>Kuule fani FC int*rin<\/strong><\/span><\/p>\n<p>Kuule fani FC int*rin<br \/>\nT\u00e4\u00e4 kaupunki on mustavalkoinen<br \/>\nEt sille mit\u00e4\u00e4n voi, et sille mit\u00e4\u00e4n voi<br \/>\nT\u00e4\u00e4 kaupunki on mustavalkoinen<\/p>\n<p>Kertos\u00e4e:<\/p>\n<p>Ole, ole, ole&#8230; (sama s\u00e4vel)<\/p>\n<p><span style=\"color: #ffcc00;\"><strong>Palloseuralle lauletaan<\/strong><\/span><\/p>\n<p>Palloseuralle me lauletaan<br \/>\nKatsomot taas haltuun otetaan<br \/>\nVeikkausliigassa tai divaris\u2019 \/ Mustavalkoisia seurataan<br \/>\nKupittaalla tai Helsingis&#8217; \/ Syntym\u00e4st\u00e4 asti kuolemaan<br \/>\nShala-laala-laaa-lalala<br \/>\nShala-laala-laaa-lalala<\/p>\n<p><span style=\"color: #ffcc00;\"><strong>Kaikkein kaunein \u2013 turkulainen<\/strong><\/span><\/p>\n<p>Kaikkein kaunein, turkulainen<br \/>\nT<br \/>\nP<br \/>\nS<br \/>\n<em>(taputukset)<\/em><\/p>\n<p><span style=\"color: #ffcc00;\"><strong>Toinen koti (Norra St\u00e5)<\/strong><\/span><\/p>\n<p>T\u00e4\u00e4 mun toinen koti on<br \/>\nPaikka aivan verraton<br \/>\nEn tied\u00e4 paikkaa rakkaampaa<br \/>\nJossa huolet katoaa<br \/>\nT\u00e4\u00e4l me Tepsill&#8217; lauletaan<br \/>\nJa Suomen mestaruus voitetaan<br \/>\nShala-laala-laaa-lalala<br \/>\nShala-laala-laaa-lalala<\/p>\n<p><span style=\"color: #ffcc00;\"><strong>Eteenp\u00e4in! (We&#8217;re Not Gonna Take It)<\/strong><\/span><\/p>\n<p>Eteenp\u00e4in nyt Tepsi, hei!<br \/>\neteenp\u00e4in Tepsi<br \/>\nVoittoon j\u00e4lleen kerran<br \/>\nTaistellaan<\/p>\n<p><span style=\"color: #ffcc00;\"><strong>Macarena<\/strong><\/span><\/p>\n<p>Shaalala laalala laalala la la,<br \/>\nshaalala laalala laalala la la,<br \/>\nshaalala laalala laalala la la,<br \/>\nHei Palloseura, UGH!<\/p>\n<p><strong><span style=\"color: #ffcc00;\">Turun ykk\u00f6nen<br \/>\n<\/span><\/strong><\/p>\n<p>Ole, ole, ol\u00e9,<br \/>\nole, ole, ol\u00e9!<br \/>\nMeid\u00e4n TPS<br \/>\nMustavalkoinen<br \/>\nTurun ykk\u00f6nen<\/p>\n<p><strong><span style=\"color: #ffcc00;\">Hei, hei, TPS!<br \/>\n<\/span><\/strong><\/p>\n<p>Sha, lalala, lalala, lalala, lalala,<br \/>\nHei, hei, TPS!<\/p>\n<p><span style=\"color: #ffcc00;\"><strong>Las Palmas<\/strong><\/span><\/p>\n<p>Palloseura, Palloseura<br \/>\nMe juhlimme aamuun asti<br \/>\nPalloseura, Palloseura<br \/>\nKun voitamme XXX<\/p>\n<p><span style=\"color: #ffcc00;\"><strong>P. H\u00e5kans (Kun Chicago kuoli)<\/strong><\/span><\/p>\n<p>J\u00e4i Pate itkem\u00e4\u00e4n<br \/>\nM\u00e4 viel\u00e4 hinaajan karilla n\u00e4\u00e4n<br \/>\nNopeasti seura uppoaa<br \/>\nStefun perint\u00f6 tuhlataan<br \/>\nOjalaan<\/p>\n","protected":false},"excerpt":{"rendered":"<p>Hu-ha (La Vida Loca) Ooo Palloseura HU-HA Ooo Suomen kaunein Seura meill\u00e4 on Mustavalkoinen Vuokses kuolisin Un giorno all&#8217;improvviso Kun &#8230; <a class=\"read-more\" href=\"https:\/\/tps-kannattajat.net\/site\/chantit\/\">LUE LIS\u00c4\u00c4<\/a><\/p>\n","protected":false},"author":1,"featured_media":0,"parent":0,"menu_order":0,"comment_status":"closed","ping_status":"closed","template":"","meta":{"footnotes":"","_links_to":"","_links_to_target":""},"class_list":["post-1319","page","type-page","status-publish"],"_links":{"self":[{"href":"https:\/\/tps-kannattajat.net\/site\/wp-json\/wp\/v2\/pages\/1319","targetHints":{"allow":["GET"]}}],"collection":[{"href":"https:\/\/tps-kannattajat.net\/site\/wp-json\/wp\/v2\/pages"}],"about":[{"href":"https:\/\/tps-kannattajat.net\/site\/wp-json\/wp\/v2\/types\/page"}],"author":[{"embeddable":true,"href":"https:\/\/tps-kannattajat.net\/site\/wp-json\/wp\/v2\/users\/1"}],"replies":[{"embeddable":true,"href":"https:\/\/tps-kannattajat.net\/site\/wp-json\/wp\/v2\/comments?post=1319"}],"version-history":[{"count":40,"href":"https:\/\/tps-kannattajat.net\/site\/wp-json\/wp\/v2\/pages\/1319\/revisions"}],"predecessor-version":[{"id":5934,"href":"https:\/\/tps-kannattajat.net\/site\/wp-json\/wp\/v2\/pages\/1319\/revisions\/5934"}],"wp:attachment":[{"href":"https:\/\/tps-kannattajat.net\/site\/wp-json\/wp\/v2\/media?parent=1319"}],"curies":[{"name":"wp","href":"https:\/\/api.w.org\/{rel}","templated":true}]}}