{"id":2189,"date":"2015-02-17T11:16:24","date_gmt":"2015-02-17T09:16:24","guid":{"rendered":"http:\/\/tps-kannattajat.net\/site\/?page_id=2189"},"modified":"2024-03-12T23:59:36","modified_gmt":"2024-03-12T21:59:36","slug":"usein-kysytyt-kysymykset","status":"publish","type":"page","link":"https:\/\/tps-kannattajat.net\/site\/about\/usein-kysytyt-kysymykset\/","title":{"rendered":"Usein kysytyt kysymykset"},"content":{"rendered":"<p><span style=\"color: #ffcc00;\"><strong>Miten ilmoittaudun TPS-kannattajien vierasreissulle?<br \/>\n<\/strong><\/span>1) <a href=\"https:\/\/holvi.com\/shop\/tpskannattajat\/section\/kannattajamatkat\/\">Verkkokauppamme kautta<\/a>.<br \/>\n2) S\u00e4hk\u00f6postilla <a href=\"mailto:info@tps-kannattajat.net\">info@tps-kannattajat.net<\/a> (mik\u00e4 reissu, oma nimesi, puhelinnumerosi ja maksutapa)<\/p>\n<p>Huom! Ilmoittautumiset ovat <em><strong>sitovia<\/strong><\/em> ja olet velvollinen maksamaan osuutesi mik\u00e4li et peru ilmoittautumistasi!<\/p>\n<p>Huom! Et voi ilmoittautua Facebookissa eik\u00e4 Facebook-tapahtumaan osallistumista lasketa ilmoittautumiseksi.<\/p>\n<p><span style=\"color: #ffcc00;\"><strong>Voinko perua ilmoittautumiseni?<\/strong><\/span><br \/>\nKyll\u00e4, mutta tee se mahdollisimman aikaisin \u2013 mieluiten heti, kun tied\u00e4t joutuvasi j\u00e4\u00e4m\u00e4\u00e4n pois. Tarkistathan ilmoittautumisvahvistuksesta annetun peruutustakarajan.<br \/>\nMeid\u00e4n pit\u00e4\u00e4 tehd\u00e4 p\u00e4\u00e4t\u00f6s bussin l\u00e4hd\u00f6st\u00e4, reissun hinnasta ja tilattavista ottelulipuista ajoissa. Ohjes\u00e4\u00e4nt\u00f6n\u00e4 <em><strong>48h ennen reissun alkamista ei en\u00e4\u00e4 oteta mielenmuutosperuutuksia vastaan.<\/strong><\/em><\/p>\n<p><span style=\"color: #ffcc00;\"><strong>Miksi en ole saanut ilmoittautumisvahvistusta s\u00e4hk\u00f6postitse l\u00e4hetettyyn ilmoittautumiseen?<\/strong><\/span><br \/>\nVahvistus ei l\u00e4hde automaattisesti, vaan joku l\u00e4hett\u00e4\u00e4 sen sinulle manuaalisesti. Kukaan ei p\u00e4ivyst\u00e4 ty\u00f6kseen ilmoittautumisia, joten sopivan hetken l\u00f6ytymiseen voi menn\u00e4 toisinaan jopa vuorokausi(a). Mik\u00e4li vahvistusta ei n\u00e4y <em><strong>muutamassa p\u00e4iv\u00e4ss\u00e4<\/strong><\/em>, niin otathan yhteyden s\u00e4hk\u00f6postitse\/sosiaalisen median yksityisviestill\u00e4. <em><strong>Muistathan my\u00f6s tarkistaa roskapostikansiosi!<\/strong><\/em><\/p>\n<p><span style=\"color: #ffcc00;\"><strong>Onko kannattajamatkoille ik\u00e4rajaa?<\/strong><\/span><br \/>\nEi ole, ellei toisin mainita (esim. baarin kautta -reissut tai y\u00f6n yli kest\u00e4v\u00e4t hotellireissut). Alaik\u00e4inen voi osallistua matkalle joko huoltajan seurassa tai matkatessa ilman huoltajaa on oltava aina huoltajan suostumus sek\u00e4 kysytt\u00e4ess\u00e4 huoltajan allekirjoittama vapaamuotoinen lupalappu.<\/p>\n<p>Meno ja tunnelma bussissa voi toisinaan riehaantua ja \u00e4ity\u00e4 kova\u00e4\u00e4niseksi, joten tiedostathan t\u00e4m\u00e4n mik\u00e4li olet reissulle l\u00e4htev\u00e4n alaik\u00e4isen huoltaja. Varsinaista vaaraa t\u00e4m\u00e4 ei aiheuta ja bussin etuosassa saa olla mahdollisimman rauhassa, mutta t\u00e4m\u00e4 on hyv\u00e4 etuk\u00e4teen tiedostaa.<\/p>\n<p>Useamman bussin kannattajamatkoilla pyrit\u00e4\u00e4n yksi bussi pit\u00e4\u00e4 ns. &#8220;perhebussina&#8221;, jossa alkoholink\u00e4ytt\u00f6 on v\u00e4h\u00e4isemp\u00e4\u00e4.<\/p>\n<p><span style=\"color: #ffcc00;\"><strong>Onko bussi k\u00e4ytett\u00e4viss\u00e4 vierasottelun aikana?<\/strong><\/span><br \/>\nVoit j\u00e4tt\u00e4\u00e4 tavarasi bussiin ottelun ajaksi. Ovet ovat ottelun ajan lukittuna. Bussiin ei ole p\u00e4\u00e4sy\u00e4 ottelun aikana.<\/p>\n<p><span style=\"color: #ffcc00;\"><strong>Voinko nousta kyytiin my\u00f6s matkan varrelta?<\/strong><\/span><br \/>\nKyll\u00e4. Perinteisi\u00e4 kyytiinottopaikkoja ovat olleet esimerkiksi<em> Salon ABC,<\/em> <em>Laitilan ABC\u00a0 <\/em>ja<em> Keh\u00e4<\/em> <em>III,<\/em> p\u00e4\u00e4m\u00e4\u00e4r\u00e4st\u00e4 ja suunnasta riippuen<em>.<\/em> Muistathan ilmoittaa t\u00e4st\u00e4 aina etuk\u00e4teen ja huolehdit itse, ett\u00e4 bussin matkanjohtaja on tietoinen kyytiinnousustasi matkan varrelta.<\/p>\n<p>Huom! <em><strong>Ket\u00e4\u00e4n ei haeta mist\u00e4\u00e4n<\/strong><\/em>, kyytiin voit tulla vain ja ainoastaan matkan varrelta etuk\u00e4teen sovittuna.<\/p>\n<p><span style=\"color: #ffcc00;\"><strong>Voinko ottaa bussimatkan vain yhteen suuntaan?<\/strong><\/span><br \/>\nKyll\u00e4. Useimmiten t\u00e4ll\u00f6in saa pienen alennuksen, ellei reissu ole myym\u00e4ss\u00e4 loppuun ja penkki\u00e4 joudutaan pit\u00e4m\u00e4\u00e4n tyhj\u00e4n\u00e4 toiseen suuntaan.<\/p>\n<p><span style=\"color: #ffcc00;\"><strong>Voinko ottaa pelk\u00e4n ottelulipun?<\/strong><\/span><br \/>\nYleens\u00e4 kyll\u00e4. Tarkista tilanne reissukohtaisesti. Vuodesta 2023 alkaen pelkk\u00e4\u00e4 ottelulippua ei ole voinut ostaa k\u00e4teisell\u00e4.<\/p>\n<p><span style=\"color: #ffcc00;\"><strong>Miten TPS-kannattajien j\u00e4rjest\u00e4m\u00e4 vierasreissu maksetaan?<\/strong><\/span><br \/>\nVerkkokaupan kautta tai k\u00e4teisell\u00e4 ennen bussiin nousua (varaathan mielell\u00e4\u00e4n tasarahan, jos mahdollista).<\/p>\n<p><span style=\"color: #ffcc00;\"><strong>Kuinka saan yhteytt\u00e4 TPS-kannattajiin?<\/strong><\/span><br \/>\nVarmimmin s\u00e4hk\u00f6postilla <a href=\"mailto:info@tps-kannattajat.net\">info@tps-kannattajat.net<\/a>. Pyrimme vastaamaan my\u00f6s Facebookissa, Twitteriss\u00e4 ja Instagramissa. L\u00f6yd\u00e4t meid\u00e4t my\u00f6s <a href=\"http:\/\/tps-kannattajat.net\/site\/about\/\" target=\"_blank\" rel=\"noopener noreferrer\">TPS:n kotiotteluiden seisomakatsomosta<\/a>. Voit l\u00e4hett\u00e4\u00e4 meille my\u00f6s suoraan viesti\u00e4 <a href=\"http:\/\/tps-kannattajat.net\/site\/yhteystiedot\/\" target=\"_blank\" rel=\"noopener noreferrer\">yhteydenottolomakkeella<\/a>.<\/p>\n<p><span style=\"color: #ffcc00;\"><strong>Mist\u00e4 ja miten saan ostettua TPS-kannattajien tuotteita, esimerkiksi vaatteita ja tarroja?<\/strong><\/span><br \/>\nVarmimmin ottelutapahtumista, mutta usein my\u00f6s prematch-tapahtumista ja vierasreissuilla. Olemme suorittaneet tarpeen vaatiessa jopa postituksia. Suosittelemme varmistamaan tilanteen aina etuk\u00e4teen ja tilannekohtaisesti (kts \u201dKuinka saan yhteytt\u00e4 TPS-kannattajiin?\u201d).<\/p>\n<p><span style=\"color: #ffcc00;\"><strong>Kuinka TPS-kannattajiin voi liitty\u00e4?<\/strong><\/span><br \/>\nPeriaatteessa ei mitenk\u00e4\u00e4n. TPS-kannattajat on kaikille avoin yhteis\u00f6. Emme ole rekister\u00f6ity yhdistys eik\u00e4 meill\u00e4 ole virallisia j\u00e4seni\u00e4. Paras tapa p\u00e4\u00e4st\u00e4 kannattajien toimintaan mukaan on osallistua rohkeasti ja aktiivisesti mukaan katsomotoimintaan sek\u00e4 TPS-kannattajien j\u00e4rjest\u00e4mille vierasreissulle.<\/p>\n<p><span style=\"color: #ffcc00;\"><strong>Kuinka p\u00e4\u00e4sen kannattajakatsomoon?<\/strong><\/span><br \/>\nVarmimmin kannattajakausikortilla, mutta l\u00e4hes aina my\u00f6s erikseen myyt\u00e4vill\u00e4 kannattajakatsomon irtolipuilla.<\/p>\n","protected":false},"excerpt":{"rendered":"<p>Miten ilmoittaudun TPS-kannattajien vierasreissulle? 1) Verkkokauppamme kautta. 2) S\u00e4hk\u00f6postilla info@tps-kannattajat.net (mik\u00e4 reissu, oma nimesi, puhelinnumerosi ja maksutapa) Huom! Ilmoittautumiset ovat &#8230; <a class=\"read-more\" href=\"https:\/\/tps-kannattajat.net\/site\/about\/usein-kysytyt-kysymykset\/\">LUE LIS\u00c4\u00c4<\/a><\/p>\n","protected":false},"author":1,"featured_media":0,"parent":2,"menu_order":0,"comment_status":"closed","ping_status":"closed","template":"","meta":{"footnotes":"","_links_to":"","_links_to_target":""},"class_list":["post-2189","page","type-page","status-publish"],"_links":{"self":[{"href":"https:\/\/tps-kannattajat.net\/site\/wp-json\/wp\/v2\/pages\/2189","targetHints":{"allow":["GET"]}}],"collection":[{"href":"https:\/\/tps-kannattajat.net\/site\/wp-json\/wp\/v2\/pages"}],"about":[{"href":"https:\/\/tps-kannattajat.net\/site\/wp-json\/wp\/v2\/types\/page"}],"author":[{"embeddable":true,"href":"https:\/\/tps-kannattajat.net\/site\/wp-json\/wp\/v2\/users\/1"}],"replies":[{"embeddable":true,"href":"https:\/\/tps-kannattajat.net\/site\/wp-json\/wp\/v2\/comments?post=2189"}],"version-history":[{"count":24,"href":"https:\/\/tps-kannattajat.net\/site\/wp-json\/wp\/v2\/pages\/2189\/revisions"}],"predecessor-version":[{"id":5589,"href":"https:\/\/tps-kannattajat.net\/site\/wp-json\/wp\/v2\/pages\/2189\/revisions\/5589"}],"up":[{"embeddable":true,"href":"https:\/\/tps-kannattajat.net\/site\/wp-json\/wp\/v2\/pages\/2"}],"wp:attachment":[{"href":"https:\/\/tps-kannattajat.net\/site\/wp-json\/wp\/v2\/media?parent=2189"}],"curies":[{"name":"wp","href":"https:\/\/api.w.org\/{rel}","templated":true}]}}